{"id":105,"date":"2022-11-30T22:32:22","date_gmt":"2022-11-30T21:32:22","guid":{"rendered":"https:\/\/notforhuman.org\/?page_id=105"},"modified":"2025-05-17T02:19:28","modified_gmt":"2025-05-17T00:19:28","slug":"lassociation","status":"publish","type":"page","link":"https:\/\/notforhuman.org\/index.php\/lassociation\/","title":{"rendered":"L&rsquo;asso"},"content":{"rendered":"\n<div class=\"wp-block-group alignfull has-white-color has-text-color has-background has-link-color wp-elements-2d93a5ba8fa702e94e623d6794bb2053 has-global-padding is-layout-constrained wp-block-group-is-layout-constrained\" style=\"background-color:#0f3619\">\n<div class=\"wp-block-group alignwide is-content-justification-space-between is-layout-flex wp-container-core-group-is-layout-13ba58dd wp-block-group-is-layout-flex\" style=\"padding-top:1em;padding-bottom:1em\">\n<div class=\"wp-block-group is-layout-flex wp-block-group-is-layout-flex\"><div class=\"wp-block-site-logo\"><a href=\"https:\/\/notforhuman.org\/\" class=\"custom-logo-link\" rel=\"home\"><img loading=\"lazy\" decoding=\"async\" width=\"60\" height=\"49\" src=\"https:\/\/notforhuman.org\/wp-content\/uploads\/2022\/11\/pic.jpg\" class=\"custom-logo\" alt=\"\" srcset=\"https:\/\/notforhuman.org\/wp-content\/uploads\/2022\/11\/pic.jpg 450w, https:\/\/notforhuman.org\/wp-content\/uploads\/2022\/11\/pic-300x245.jpg 300w\" sizes=\"auto, (max-width: 60px) 100vw, 60px\" \/><\/a><\/div>\n\n<\/div>\n\n\n<nav class=\"has-medium-font-size is-responsive items-justified-right wp-block-navigation is-content-justification-right is-layout-flex wp-container-core-navigation-is-layout-f665d2b5 wp-block-navigation-is-layout-flex\" aria-label=\"Navigation\" \n\t\t data-wp-interactive=\"core\/navigation\" data-wp-context='{\"overlayOpenedBy\":{\"click\":false,\"hover\":false,\"focus\":false},\"type\":\"overlay\",\"roleAttribute\":\"\",\"ariaLabel\":\"Menu\"}'><button aria-haspopup=\"dialog\" aria-label=\"Ouvrir le menu\" class=\"wp-block-navigation__responsive-container-open\" \n\t\t\t\tdata-wp-on--click=\"actions.openMenuOnClick\"\n\t\t\t\tdata-wp-on--keydown=\"actions.handleMenuKeydown\"\n\t\t\t><svg width=\"24\" height=\"24\" xmlns=\"http:\/\/www.w3.org\/2000\/svg\" viewBox=\"0 0 24 24\" aria-hidden=\"true\" focusable=\"false\"><path d=\"M4 7.5h16v1.5H4z\"><\/path><path d=\"M4 15h16v1.5H4z\"><\/path><\/svg><\/button>\n\t\t\t\t<div class=\"wp-block-navigation__responsive-container\"  id=\"modal-1\" \n\t\t\t\tdata-wp-class--has-modal-open=\"state.isMenuOpen\"\n\t\t\t\tdata-wp-class--is-menu-open=\"state.isMenuOpen\"\n\t\t\t\tdata-wp-watch=\"callbacks.initMenu\"\n\t\t\t\tdata-wp-on--keydown=\"actions.handleMenuKeydown\"\n\t\t\t\tdata-wp-on--focusout=\"actions.handleMenuFocusout\"\n\t\t\t\ttabindex=\"-1\"\n\t\t\t>\n\t\t\t\t\t<div class=\"wp-block-navigation__responsive-close\" tabindex=\"-1\">\n\t\t\t\t\t\t<div class=\"wp-block-navigation__responsive-dialog\" \n\t\t\t\tdata-wp-bind--aria-modal=\"state.ariaModal\"\n\t\t\t\tdata-wp-bind--aria-label=\"state.ariaLabel\"\n\t\t\t\tdata-wp-bind--role=\"state.roleAttribute\"\n\t\t\t>\n\t\t\t\t\t\t\t<button aria-label=\"Fermer le menu\" class=\"wp-block-navigation__responsive-container-close\" \n\t\t\t\tdata-wp-on--click=\"actions.closeMenuOnClick\"\n\t\t\t><svg xmlns=\"http:\/\/www.w3.org\/2000\/svg\" viewBox=\"0 0 24 24\" width=\"24\" height=\"24\" aria-hidden=\"true\" focusable=\"false\"><path d=\"m13.06 12 6.47-6.47-1.06-1.06L12 10.94 5.53 4.47 4.47 5.53 10.94 12l-6.47 6.47 1.06 1.06L12 13.06l6.47 6.47 1.06-1.06L13.06 12Z\"><\/path><\/svg><\/button>\n\t\t\t\t\t\t\t<div class=\"wp-block-navigation__responsive-container-content\" \n\t\t\t\tdata-wp-watch=\"callbacks.focusFirstElement\"\n\t\t\t id=\"modal-1-content\">\n\t\t\t\t\t\t\t\t<ul class=\"wp-block-navigation__container has-medium-font-size is-responsive items-justified-right wp-block-navigation has-medium-font-size\"><li class=\"has-medium-font-size wp-block-navigation-item wp-block-home-link\"><a class=\"wp-block-home-link__content wp-block-navigation-item__content\" href=\"https:\/\/notforhuman.org\" rel=\"home\">Accueil<\/a><\/li><li class=\"has-medium-font-size wp-block-navigation-item wp-block-navigation-link\"><a class=\"wp-block-navigation-item__content\"  href=\"https:\/\/notforhuman.org\/index.php\/category\/analyses\/\"><span class=\"wp-block-navigation-item__label\">Analyses<\/span><\/a><\/li><li class=\"has-medium-font-size wp-block-navigation-item wp-block-navigation-link\"><a class=\"wp-block-navigation-item__content\"  href=\"https:\/\/notforhuman.org\/index.php\/category\/infos-et-news\/\"><span class=\"wp-block-navigation-item__label\">Infos et news<\/span><\/a><\/li><li class=\"has-medium-font-size wp-block-navigation-item wp-block-navigation-link\"><a class=\"wp-block-navigation-item__content\"  href=\"https:\/\/notforhuman.org\/index.php\/lassociation\/\"><span class=\"wp-block-navigation-item__label\">L\u2019association<\/span><\/a><\/li><li class=\"has-medium-font-size wp-block-navigation-item wp-block-navigation-link\"><a class=\"wp-block-navigation-item__content\"  href=\"https:\/\/notforhuman.org\/index.php\/liens\/\"><span class=\"wp-block-navigation-item__label\">Liens<\/span><\/a><\/li><\/ul>\n\t\t\t\t\t\t\t<\/div>\n\t\t\t\t\t\t<\/div>\n\t\t\t\t\t<\/div>\n\t\t\t\t<\/div><\/nav>\n\n\n<ul class=\"wp-block-social-links is-layout-flex wp-block-social-links-is-layout-flex\"><li class=\"wp-social-link wp-social-link-facebook  wp-block-social-link\"><a href=\"https:\/\/www.facebook.com\/people\/Association-Not-For-Human\/100088316251099\/\" class=\"wp-block-social-link-anchor\"><svg width=\"24\" height=\"24\" viewBox=\"0 0 24 24\" version=\"1.1\" xmlns=\"http:\/\/www.w3.org\/2000\/svg\" aria-hidden=\"true\" focusable=\"false\"><path d=\"M12 2C6.5 2 2 6.5 2 12c0 5 3.7 9.1 8.4 9.9v-7H7.9V12h2.5V9.8c0-2.5 1.5-3.9 3.8-3.9 1.1 0 2.2.2 2.2.2v2.5h-1.3c-1.2 0-1.6.8-1.6 1.6V12h2.8l-.4 2.9h-2.3v7C18.3 21.1 22 17 22 12c0-5.5-4.5-10-10-10z\"><\/path><\/svg><span class=\"wp-block-social-link-label screen-reader-text\">Facebook<\/span><\/a><\/li><\/ul>\n<\/div>\n<\/div>\n\n\n\n<p><strong>Not For Human<\/strong>&nbsp;est un collectif de pr\u00e9vention et de r\u00e9duction des risques li\u00e9s aux nouveaux produits de synth\u00e8se (NPS) et autres \u00ab\u00a0legal highs\u00a0\u00bb.<\/p>\n\n\n\n<h3 class=\"wp-block-heading\"><strong>Nouvelles drogues ?<\/strong><\/h3>\n\n\n\n<p>Ces substances qui profitent d\u2019un vide juridique sont couramment appel\u00e9es RC (initiales anglaises de Research Chemicals).<\/p>\n\n\n\n<p>Dans les ann\u00e9es 70, un chimiste du nom d\u2019Alexander Shulgin qui travaillait pour Dow Chemicals (conception d&rsquo;un pesticide), se sp\u00e9cialisa tr\u00e8s t\u00f4t dans l\u2019\u00e9tude des psychotropes. Il cr\u00e9a environ 200 substances d\u00e9riv\u00e9es de 2 grandes familles: les tryptamines (ex : psilocybine des champignons hallucinog\u00e8nes) et les ph\u00e9n\u00e9tylamines (ex: mescaline de certains cactus). Essentiellement des psych\u00e9d\u00e9liques, mais aussi quelques stimulants et empathog\u00e8nes. C\u2019est d\u2019ailleurs lui qui red\u00e9couvrit et popularisa la fameuse MDMA (ecstasy).<\/p>\n\n\n\n<p>Il publia l\u2019ensemble de ses recherches (en passant de la synth\u00e8se aux exp\u00e9rimentations qu\u2019il fit sur lui-m\u00eame et quelques proches) dans deux livres: Tihkal et Pihkal.<\/p>\n\n\n\n<p>Rapidement, ses livres se retrouv\u00e8rent sur internet et bient\u00f4t, des chimistes (amateurs au d\u00e9but) se mirent \u00e0 produire certaines de ces mol\u00e9cules et \u00e0 les commercialiser sur le web pour quelques \u00ab\u00a0initi\u00e9s\u00a0\u00bb. Par la suite, des gros laboratoires en Chine ou en Inde industrialis\u00e8rent la production. En effet, l\u2019utilisation des \u00ab\u00a0legal highs\u00a0\u00bb qui comprend les \u00ab\u00a0research chemicals\u00a0\u00bb (mais aussi toutes les plantes utilis\u00e9es de par le monde pour modifier la conscience et qui ne sont pas class\u00e9es au niveau international comme le kratom, la salvia divinorum, etc.) se d\u00e9veloppe facilement avec internet.<\/p>\n\n\n\n<p>Avec les interdictions et l&rsquo;app\u00e2t du gain, des chimistes moins scrupuleux que Shulgin inventent r\u00e9guli\u00e8rement de nouvelles mol\u00e9cules dont le seul but est de contourner la loi (et de faire beaucoup d\u2019argent rapidement). De fait, la r\u00e9ponse l\u00e9gislative est obsol\u00e8te, car les chimistes ont toujours un coup d\u2019avance, commercialisant une nouvelle mol\u00e9cule d\u00e8s que la pr\u00e9c\u00e9dente est interdite. Par exemple, pr\u00e8s le classement de la m\u00e9ph\u00e9drone (4-m\u00e9thylmethcathinone) qui est un puissant stimulant, de nouveaux d\u00e9riv\u00e9s sont apparus, tel que la 3-MMC (3-methylmethcathinone), puis la 3-CMC (3-chlorom\u00e9thcathinone), etc. Pareil pour les d\u00e9riv\u00e9s du LSD (lysergamides) dont plusieurs ont \u00e9t\u00e9 plac\u00e9s sur la liste des stup\u00e9fiants, mais rapidement le 1CP-LSD, 1V-LSD, 1D-LSD sont venus les remplacer.<\/p>\n\n\n\n<p>Les sites internet qui les commercialisent, proposent ces mol\u00e9cules pour \u00ab\u00a0la recherche uniquement\u00a0\u00bb et \u00ab\u00a0pas pour la consommation humaine\u00a0\u00bb (not for human consumption). Cela leur permet de se d\u00e9responsabiliser des futures utilisations de l\u2019acheteur&#8230;(et de se couvrir en cas de probl\u00e8me).<\/p>\n\n\n\n<h3 class=\"wp-block-heading\"><strong>Quels risques pour les usagers ?<\/strong><\/h3>\n\n\n\n<p>\u00b7  Aucun test n&rsquo;a \u00e9t\u00e9 &#8211; dans la plupart des cas &#8211; r\u00e9alis\u00e9 (contrairement aux \u00ab\u00a0drogues classiques\u00a0\u00bb qui ont fait l\u2019objet de nombreuses \u00e9tudes) et on ne sait quasiment rien des effets \u00e0 moyen et long termes que provoquent ces produits.<\/p>\n\n\n\n<p>\u00b7  La plupart des laboratoires qui synth\u00e9tisent ces mol\u00e9cules sont bas\u00e9s \u00e0 l\u2019autre bout du monde, et quand on voit les nombreuses contre-fa\u00e7on qui parviennent parfois de ces pays, on est en droit de se poser quelques questions&#8230;<\/p>\n\n\n\n<p>\u00b7  Il y a aussi les risques li\u00e9s aux impuret\u00e9s qui peuvent \u00eatre contenues dans ces substances (suite \u00e0 une mauvaise synth\u00e8se par exemple) et provoquer des l\u00e9sions permanentes (exemple: le MPTP dans la desmethylprodine).<\/p>\n\n\n\n<p>\u00b7 Au niveau des risques sp\u00e9cifiques, cela d\u00e9pends \u00e9videmment des mol\u00e9cules utilis\u00e9es&#8230;Mais par exemple, certains cannabino\u00efdes synth\u00e9tiques peuvent engendrer de l&rsquo;arythmie et des probl\u00e8mes cardiaques, des benzodiaz\u00e9pines comme le ph\u00e9naz\u00e9pam des black out de plusieurs jours et des d\u00e9c\u00e8s ont \u00e9t\u00e9s signal\u00e9s avec certaines ph\u00e9n\u00e9thylamines (2C-T-7) et tryptamines (AMT), la MDPV et bien d&rsquo;autres.<\/p>\n\n\n\n<p>\u00b7  Enfin, il arrive parfois que le fabricant se trompe de produit ce qui peux avoir des cons\u00e9quences fatales.En 2009 et 2011, plusieurs overdoses mortelles ont eu lieu: du bromo-dragonfly avait \u00e9t\u00e9 vendu \u00e0 la place de 2C-B-Fly et de 2C-E.<\/p>\n\n\n\n<h3 class=\"wp-block-heading\"><strong>R\u00e9duction des risques<\/strong><\/h3>\n\n\n\n<p>Partant de ce constat, et du fait que l\u2019information sur ces produits est surtout relay\u00e9e sur la toile, Not For Human pratique \u00ab\u00a0l&rsquo;aller-vers\u00a0\u00bb (<em>outreach<\/em>) et intervient dans les communaut\u00e9s virtuelles d\u2019usagers (forums, FB, groupes Discord, etc.) li\u00e9es \u00e0 la RDR et aux drogues.<\/p>\n\n\n<p>Le projet est n\u00e9 \u00e0 la base sur le forum Psychonaut.com, notamment parce qu&rsquo;une importante communaut\u00e9 d&rsquo;usagers de nouveaux produits de synth\u00e8se y \u00e9tait pr\u00e9sente. Notre partenariat avec plusieurs laboratoires ind\u00e9pendants et b\u00e9n\u00e9voles, nous a permis de proposer depuis 2013 de l&rsquo;analyse \u00e0 distance (anonyme et gratuit). Ainsi, au fil des ans nous avons r\u00e9alis\u00e9 des alertes quand un produit vendu en ligne ne correspondait pas \u00e0 ce qui \u00e9tait attendu, qu&rsquo;il contenait une impuret\u00e9 ou \u00e9tait adult\u00e9r\u00e9. Nous \u00e9vitons de publier les \u00ab\u00a0bons\u00a0\u00bb r\u00e9sultats car notre but vise \u00e0 pr\u00e9venir le plus grand nombre d&rsquo;usagers quand un mauvais lot ou un produit frelat\u00e9 \/ surdos\u00e9 circule, pas de faire de la pub \u00e0 des shops \/ dealers.<\/p>\n\n\n<p>Pr\u00e9sentation de NFH et du p\u00f4le analyse <a href=\"https:\/\/www.dailymotion.com\/video\/x3mc0ak\" data-type=\"URL\" data-id=\"https:\/\/www.dailymotion.com\/video\/x3mc0ak\" target=\"_blank\" rel=\"noreferrer noopener\">en vid\u00e9o<\/a><\/p>\n\n\n\n<div class=\"wp-block-group alignfull has-global-padding is-layout-constrained wp-block-group-is-layout-constrained\"><\/div>\n","protected":false},"excerpt":{"rendered":"<p>Not For Human&nbsp;est un collectif de pr\u00e9vention et de r\u00e9duction des risques li\u00e9s aux nouveaux produits de synth\u00e8se (NPS) et autres \u00ab\u00a0legal highs\u00a0\u00bb. Nouvelles drogues ? Ces substances qui profitent d\u2019un vide juridique sont couramment appel\u00e9es RC (initiales anglaises de Research Chemicals). Dans les ann\u00e9es 70, un chimiste du nom d\u2019Alexander Shulgin qui travaillait pour [&hellip;]<\/p>\n","protected":false},"author":2,"featured_media":0,"parent":0,"menu_order":0,"comment_status":"closed","ping_status":"closed","template":"blank","meta":{"footnotes":""},"class_list":["post-105","page","type-page","status-publish","hentry"],"_links":{"self":[{"href":"https:\/\/notforhuman.org\/index.php\/wp-json\/wp\/v2\/pages\/105","targetHints":{"allow":["GET"]}}],"collection":[{"href":"https:\/\/notforhuman.org\/index.php\/wp-json\/wp\/v2\/pages"}],"about":[{"href":"https:\/\/notforhuman.org\/index.php\/wp-json\/wp\/v2\/types\/page"}],"author":[{"embeddable":true,"href":"https:\/\/notforhuman.org\/index.php\/wp-json\/wp\/v2\/users\/2"}],"replies":[{"embeddable":true,"href":"https:\/\/notforhuman.org\/index.php\/wp-json\/wp\/v2\/comments?post=105"}],"version-history":[{"count":39,"href":"https:\/\/notforhuman.org\/index.php\/wp-json\/wp\/v2\/pages\/105\/revisions"}],"predecessor-version":[{"id":902,"href":"https:\/\/notforhuman.org\/index.php\/wp-json\/wp\/v2\/pages\/105\/revisions\/902"}],"wp:attachment":[{"href":"https:\/\/notforhuman.org\/index.php\/wp-json\/wp\/v2\/media?parent=105"}],"curies":[{"name":"wp","href":"https:\/\/api.w.org\/{rel}","templated":true}]}}